t z be 12/7*28/r. Let x(a) = -a + 11. Calculate x(z).
3
Suppose 0 = -20*x + 15*x + 20. Suppose 0 = -7*m + 10*m. Let w(t) = 3*t**2 + m*t - t**3 + 0*t + 4*t + 0*t**2. Determine w(x).
0
Let s(k) = -k**3 + 4*k**2 + 2*k - 2. Let y(i) = -i**3 - 9*i**2 + 9*i + 4. Let z(m) = -m - 18. Let u be z(-8). Let w be y(u). Suppose w*p = -3 - 25. Give s(p).
18
Let b(v) = -7*v + 5*v + v + 3. Let y(f) = f**3 + 3*f**2 - 2*f - 3. Let x be y(-3). Let q be (15/5)/(x/3). Determine b(q).
0
Let h be 28*((-45)/15)/12. Let d(a) = -3*a**2 - 10*a - 5. Calculate d(h).
-82
Let r(k) = 3 - 4*k - 297*k**2 + 89*k**2 + 210*k**2. Calculate r(1).
1
Suppose 40 - 47 = -7*v. Let z(y) = 5 + 0 + 12*y + 1 - 5. Calculate z(v).
13
Let y be 266 - ((-24)/20)/((-12)/40). Let n(b) = 279 + 2*b - y - b. Calculate n(-9).
8
Let f(u) be the second derivative of -2*u**3 + 5*u**2/2 - u - 485. Give f(3).
-31
Let j = 214 + -210. Let k(q) = -9 + 0 + j + 1 + 2*q. Determine k(3).
2
Let f(t) = t**3 - 6*t**2 + 2*t + 3. Let w(a) = 5*a**2 - 12. Let d be -4*(-7)/(-84)*9/(-1). Let p be w(d). Let l = p - 28. Calculate f(l).
-12
Let w(t) = t**3 - 6*t**2 + 8*t - 10. Suppose -62*z - 25 = -67*z. Give w(z).
5
Let o(h) = -84*h + 643. Let z(v) = 21*v - 168. Let j(l) = -4*o(l) - 17*z(l). Give j(14).
-10
Suppose 0 = -4586*x + 4580*x - 6. Let c(g) = 7*g**2 + 6*g. Calculate c(x).
1
Let w(y) be the first derivative of -y**4/4 + y**3/3 - 5*y**2/2 - 3*y - 2759. Calculate w(2).
-17
Let b = 32 + -30. Let g(i) = i**3 - 5*i + 5. Let o be g(b). Let x(f) = 10*f**2 + 11*f**2 + 8*f - f**o - 14*f**2 + 4. Give x(8).
4
Let t(d) be the third derivative of -d**4/24 + 2*d**3/3 + 871*d**2. What is t(20)?
-16
Let d(v) = 3*v**3 - 81*v**2 + 10*v - 7. Let y(f) = -5*f**3 + 144*f**2 - 20*f + 13. Let m(i) = -7*d(i) - 4*y(i). Calculate m(-10).
-3
Suppose 3*f - 6 = 30. Let t(r) = r**3 - 13*r**2 + 13*r - 26. Let l be t(f). Let v(o) = -o**2 - 15*o - 9. Determine v(l).
5
Suppose 0 = -15*m + 16*m - s - 28, -5*s = 25. Let q(o) = -o + 16. Give q(m).
-7
Let j(l) = 142 - 888*l**3 + 22*l**2 + 19*l + 889*l**3 - 158. Calculate j(-21).
26
Let j(u) be the first derivative of u + 18. Let m(y) = -y + 9. Let k(q) = -6*j(q) - m(q). What is k(9)?
-6
Let t(o) = -4*o**3 - 11*o**2 - 10*o - 25. Suppose -177 - 64 + 79 = 54*f. What is t(f)?
14
Let b(f) be the first derivative of -f**5/60 + f**4/6 - f**3/3 + 41*f**2 + 99. Let p(l) be the third derivative of b(l). Give p(-3).
10
Suppose -o - v - 4*v + 4 = 0, 0 = 5*o + 5*v. Suppose 0 = -12*u + 9*u + 51. Let l(w) = -u*w**2 + 4*w**2 - 6*w**3 + 3*w**2 + 9*w**2 - w. Calculate l(o).
6
Let c(x) = 5*x + 92. Let o be c(-17). Let s(p) = -9*p**2 - 31*p + 9. Let l(v) = -5*v**2 - 16*v + 5. Let u(z) = o*l(z) - 4*s(z). Calculate u(-11).
-12
Suppose 4*o + c - 99 = -185, -4*o - 82 = -c. Let k(m) = -2*m**2 - 35*m - 2. Determine k(o).
-149
Let n(y) = -y**3 + 54*y**2 + 33*y + 1215. Let b be n(55). Let v(z) = z**3 - 7*z**2 + 6*z - 9. Give v(b).
-29
Let r(y) = 7*y + 244. Let d(u) = -36*u - 1261. Let w(t) = 6*d(t) + 31*r(t). Calculate w(3).
1
Let o(t) be the second derivative of t**3 + 5*t**2 - 3*t + 1431. Give o(-9).
-44
Let v(c) = c**2 + 6*c + 4. Let f be v(-5). Let h = 58 - 42. Let s(z) = -h + 5*z**2 + z + 16 - 8*z**2. What is s(f)?
-4
Let c(u) = 10*u**2 - 10*u + 17. Let f(x) = -9*x**2 + 10*x - 14. Let b(s) = -4*c(s) - 5*f(s). Calculate b(2).
2
Suppose -5*k = -158*k + 918. Let z(d) = d**2 - 8*d + 15. Give z(k).
3
Suppose -x = -0*x + 9. Let w(v) be the first derivative of -1/3*v**3 + 103 - 6*v - 5*v**2. Give w(x).
3
Let y(j) = j**2 + 18*j - 554. Let d be y(-34). Let t(g) = g**3 + 8*g**2 - 19*g + 27. Calculate t(d).
17
Suppose 7*w + 3 = 661. Let p = w - 81. Let a(q) = -q**3 + 12*q**2 + 16*q - 30. Determine a(p).
9
Let y = -47 - -48. Let l be y - (-12)/(-20) - (-132)/(-30). Let a(x) = -2 - x - 3*x - 1 - x**2. Determine a(l).
-3
Let t(s) be the second derivative of s**4/12 + 2*s**3 - 4*s**2 - 7*s + 3. Let a = -585 + 572. Determine t(a).
5
Suppose -3*t = -9, s + 3 = -4*t + 31. Let j(a) = 7*a + s*a**2 + a**3 + 13*a - 16 - 6*a. Let v be j(-15). Let x(l) = -10*l**3 + 2*l**2 - 1. Determine x(v).
11
Let r(t) = -8*t + 26. Let b be 600/500*10/6. Calculate r(b).
10
Suppose -v + 4*d + 652 + 78 = 0, -2*v - 4*d = -1472. Let u = 726 - v. Let n(o) = o + 14. Determine n(u).
6
Let q(o) be the first derivative of o**3/3 - 3*o**2/2 - 93*o + 4493. What is q(-8)?
-5
Let w(r) be the third derivative of -r**7/420 + r**6/90 - r**5/120 - r**4/12 + 3*r**3/2 + r**2 - 41. Let s(a) be the first derivative of w(a). Give s(2).
-4
Let z = 0 + -3. Let k(a) be the second derivative of a**4/12 + a**3/3 + a**2 - 291*a. What is k(z)?
5
Let z(o) = -o - 12. Let j(l) = l + 7. Let c(p) = -5*j(p) - 3*z(p). Give c(-9).
19
Let x(c) = -c**2 + 5*c - 10. Suppose 5*z - 35 - 230 = 0. Suppose 3*y = 4*y - z. Let a = 60 - y. Give x(a).
-24
Suppose 0*c - 4*c = 40. Let x(y) be the third derivative of y**6/120 + 3*y**5/20 - 5*y**4/12 + y**3/6 - 6270*y**2. Determine x(c).
1
Let i(p) = p**3 + 15*p**2 + 14*p - 11. Suppose -f - 16 = -9*h + 10*h, -5*f = -5*h + 60. Calculate i(f).
-11
Let y(r) = r**2 + r + 1. Let s(g) = -4*g + 8. Let l(o) = -2*o**2 - 8*o + 15. Let u(w) = -3*l(w) + 5*s(w). Let p(j) = -u(j) + 5*y(j). What is p(0)?
10
Suppose 0 = -j + 8*a - 12*a - 26, 0 = 11*j + 5*a + 13. Let c(x) = -29*x**2 - 23*x. Let l(k) = -10*k**2 - 8*k. Let i(d) = -6*c(d) + 17*l(d). Calculate i(j).
20
Let a be (505/101)/((1 - (-2 + 4))/1). Let l(q) = -5*q - 6. What is l(a)?
19
Let y(q) = -q**3 - 5*q**2 - 4. Suppose -15 = 4*u - u - 3*g, 0 = 3*g - 12. Let o be u/((-1)/49) + 2. Let k = o - 56. What is y(k)?
-4
Let r(j) = j**3 - 15*j**2 + 26*j + 4. Let y be r(13). Suppose 2*w = -y*o - 40, -o = -3*w - 5 - 27. Let s(v) = v**3 + 13*v**2 + 12*v + 3. What is s(w)?
3
Let i(f) = 36*f + 110. Let j(p) = 23*p + 72. Let m(b) = 5*i(b) - 8*j(b). Give m(-5).
-6
Let h(z) = -2*z - 48. Let f(x) = -x**2 - 5*x. Let i be f(-8). Let d be h(i). Suppose d = 7*w - 11*w - 16. Let r(m) = m**2 + 5*m + 2. Determine r(w).
-2
Let x(a) = -10 - 29183*a + 6*a**2 + 29169*a + 13. What is x(2)?
-1
Let l(x) = x**3 - 5*x**2 - 18*x + 24. Suppose 50 = 2*f + 4*o + 10, 2*f = -o + 19. What is l(f)?
-48
Let i = 13 + -22. Let c(s) be the second derivative of s**3/6 + 19*s**2/2 + 43358*s. What is c(i)?
10
Let n(l) = l**2 + l + 5. Let a be (3/(-9))/(4/(-132)). Let d = -15 + a. Give n(d).
17
Suppose 198*n = 179*n + 19. Let s(f) = 23*f**3 + 3*f - 2. What is s(n)?
24
Let w(l) = -793*l**2 - 7*l + 287*l**2 + l**3 + 215*l**2 + 4 + 286*l**2. Suppose p - 6 + 0 = 0. Give w(p).
-2
Let i(j) = -j + 29. Let u(z) = z - 73. Let g(m) = -5*i(m) - 2*u(m). Calculate g(-1).
-2
Let b(v) be the second derivative of 14*v + 0*v**2 + 1/12*v**4 + v**3 + 0. Calculate b(-8).
16
Let j(z) be the third derivative of -z**4/8 + 4*z**3/3 - 393*z**2 - z - 7. What is j(4)?
-4
Suppose -12*v - 18 - 66 = 0. Let h(p) = 7*p + 12. Suppose 3 = -5*l - 2. Let j(q) = q + 1. Let o(u) = l*h(u) + 4*j(u). Determine o(v).
13
Let h(j) = 15*j + 1. Let f be (-4 + (-98)/(-35))*-425. Let t = f + -508. Give h(t).
31
Suppose -28*w - 287 - 248 = -283. Let z(j) = j - 10. Calculate z(w).
-19
Let z(k) = -k**2 - 6*k + 1. Suppose -12 = 2*h + 4. Let v be (9/(180/h))/(1/(-10)). Suppose -6*o + o - 30 = v*u, 5*u + 19 = 3*o. What is z(u)?
6
Let h(t) = -17*t + 42. Let z(p) = 6*p. Let v(j) = -h(j) - 2*z(j). Give v(10).
8
Let b(h) be the second derivative of -h**4/12 + 13*h**3/6 - 11*h**2/2 - 2*h - 3713. Calculate b(7).
31
Let u(t) = -t**2 + 3*t + 8. Let o be u(4). Let x be (-50)/(-40) + 3/o. Let f(l) = l**x + 2016 + 3*l - 2*l**2 - 2019. What is f(4)?
-7
Let j(v) = 1. Let k(g) = -g - 9. Let h(y) = 13*y - 5. Let x be h(-3). Let b(c) = x*j(c) - 4*k(c). What is b(6)?
16
Suppose 107*f - 19 = -554. Let q(b) = b**3 + 4*b**2 + 3*b - 6. Calculate q(f).
-46
Let y = 166 + -163. Let l(h) = -26 + 51 + 5*h**3 + 4*h - 4*h**y - 27 + 6*h**2. Determine l(-4).
14
Let y(n) = 3*n - 2. Let c = -217 + 221. Suppose 6 = -v + c. What is y(v)?
-8
Let m(c) = 6*c - 3*c + 4*c**3 - 3*c**3 + 5*c**2 - 3. Let f(y) = 7*y - 45. Let h be f(7). Suppose -25 = 5*j, -3*p + h*j + 9 = 1. What is m(p)?
1
Let t(l) = 119*l + 331. Let g(w) = 101*w + 331. Let k(c) = 7*g(c) - 6*t(c). Determine k(47).
2
Let i(d) = d**2 + 3*d - 4. Let n = 55 - 47. Suppose 4*t = -3*k - 12, -n = -4*t + 4*